g. Is c(-4) a composite number?
False
Suppose -4*p + 3*h = 2*h + 12, -24 = 2*p + 4*h. Let l be 4*p/8 - 177. Let o = l - -366. Is o a composite number?
True
Let u = -252 + 146. Suppose 0 = -4*p + 3*p - 152. Let q = u - p. Is q a composite number?
True
Is (3 + 1 + 13)*(-63338)/(-22) prime?
False
Let c be (2709/28)/((-3)/12). Let o = c + 1001. Is o a composite number?
True
Suppose z = -2*z + 15. Suppose -3*j - 29 = -5*q + q, -z*q - 2*j + 19 = 0. Suppose -g + 6*g + q*c = 1240, -254 = -g + c. Is g prime?
True
Suppose l - 28 = -5*f, 9 = 4*l + f - 8. Suppose 5*a + 4*u = 30, 2*a = 3*a + u - 5. Suppose -n = -l*n - a, 3*g - 4*n = 1427. Is g composite?
True
Let r(x) = -x**3 - 6*x**2 + 3. Let c = -2 + -4. Let i be r(c). Suppose -g + 296 = -3*l, -i*l - 580 = -2*g - l. Is g composite?
True
Let y = 45 - -7. Suppose a - 1 - 4 = 0. Suppose -a*x + 13 + y = 0. Is x a prime number?
True
Let i = -91 - -3018. Is i composite?
False
Let b be -1 - -3 - (0 + -1). Let d = -835 + 1437. Suppose 5*r = -4*f + 1523, -2*r + b*f + d = 7*f. Is r a prime number?
True
Let l(m) = -m**3 + 4*m**2 + 14*m - 13. Let p be l(6). Let i(j) = -7607*j**3 - 5*j - 5. Is i(p) composite?
False
Let y(x) = 15*x**2 - 5*x + 17. Let f = -79 + 72. Is y(f) a prime number?
True
Let g(p) = 454*p + 221. Is g(12) composite?
False
Let i(n) = -2*n**2 - 12*n + 3. Let m be i(-6). Suppose -m*h + 6008 = 5*h. Is h composite?
False
Let h(m) = -m + 7. Let l(c) = c**3 - 8*c**2 + 7. Let f be l(8). Let a be h(f). Suppose -2*q = -2*o - 27 - 19, a = 5*q + 3*o - 83. Is q composite?
False
Suppose 5637 + 2359 = -2*c. Let z = 7525 + c. Is z a composite number?
False
Suppose -8*q - 2*q = -41270. Is q a composite number?
False
Let n = -1188 + 1194. Suppose -6 = -3*h - 2*o, -4*o + 8 = 4*h - 0*o. Suppose -n*t + h*t + 52 = 0. Is t prime?
True
Suppose -12*u = 27*u - 1418703. Is u prime?
False
Suppose 3*c - 5*a - 17 = -0*a, -5*a = -4*c + 21. Let x be (-10)/2*(-4)/c. Suppose -5*d + x*l = -0*d - 90, d - 2*l = 17. Is d a prime number?
True
Suppose -2*p + 41 = -p. Let m = p - -144. Suppose 6*n - m = 277. Is n a prime number?
False
Let l be (-508)/(-10) - 1/(-5). Suppose -b - l = -1150. Let z = b + -762. Is z prime?
True
Let i = 19 + -17. Let w be i/10 - 16/(-20). Is (68 - w)*-1*-1 composite?
False
Suppose -5*l = -12*h + 17*h - 332765, 4*l = 0. Is h prime?
True
Suppose 0*h - 4*h + 4 = 0. Suppose -2*j + 3 = h. Is (-1 - 0 - -59) + j a prime number?
True
Let s = -96 + 1057. Let b = 571 + 19. Let p = s - b. Is p a composite number?
True
Let t(n) = -n**3 + 38*n**2 - 7*n + 29. Is t(27) a composite number?
True
Let z(o) = 0*o + 6*o**2 - 9*o + o**3 - 9 - 2*o**2 + 2*o**2. Let g be z(-7). Suppose -k + g*k = 644. Is k a composite number?
True
Let s be 7 + (-2)/(-3)*48/(-32). Is (15/(-7) - s/(-42)) + 1153 prime?
True
Suppose 0 = -2*h + c + 2901, 0 = 2*h - 0*c - 5*c - 2881. Let w = 2652 - h. Is (-4)/18 + w/9 a composite number?
True
Let r(l) = -62*l + 5. Let v(u) be the third derivative of u**4/24 + u**3/6 + 6*u**2. Let p be v(-4). Is r(p) composite?
False
Suppose -8*c + 10*c = 3*z + 34585, 3*c = -3*z + 51840. Is c a prime number?
False
Let m(d) = 2678*d + 1. Is m(4) composite?
True
Suppose -111*d + 9310 = -106*d. Let f = -1119 + d. Is f a prime number?
True
Is (3 - 1)*((-810)/(-4) + -4) a composite number?
False
Let c be 1/((-10)/(-8) + -1). Let q(k) = 2*k - 118. Let t be q(39). Is ((-373)/c)/(10/t) composite?
False
Suppose 0 = 11*p - 26898 - 43205. Is p a composite number?
False
Suppose 0 = 2*n - b + 4*b + 7, -4*n - 2*b = -6. Suppose 10 + 46 = 4*g. Is (n/g)/((-6)/(-1974)) a prime number?
False
Suppose -3*g - 3*v = 3714, v + 934 = -2*g - 1537. Let j = g - -2156. Is j composite?
True
Let r(q) = 27*q**2 + 56*q - 70. Is r(23) a prime number?
False
Let k(z) be the second derivative of -20*z**3/3 + 15*z**2/2 + 11*z. Is k(-13) prime?
False
Suppose 8*r - 10*r = 4. Is 3064 + (-4)/(-2) - (1 + r) a prime number?
True
Is 4697 - (4 + -1)*-2 a composite number?
False
Let z(s) = -5*s**3 + 36*s**2 - 12*s + 19. Let m = 17 - 8. Let b(l) = -l**3 + 9*l**2 - 3*l + 5. Let u(x) = m*b(x) - 2*z(x). Is u(-6) a composite number?
True
Suppose -7*t + 4684 = -47473. Is t a prime number?
True
Suppose -s - 3*a = 0, 0*a = 3*s - a - 30. Let c(v) = v - 6. Let b be c(s). Let i(o) = 20*o**3 + 5*o**2 + 2*o - 4. Is i(b) prime?
True
Suppose 3*v = 6*v - 9. Suppose 0*o - 13482 = -v*o. Suppose -o = -0*h - 6*h. Is h a prime number?
False
Suppose 3*f + y = 11, 2*f - 3*f - 2*y = -12. Let z be 1 + (f + 1)/3. Suppose 4*t = 4*l + 1788, 0 = z*l - 3 - 1. Is t composite?
False
Let h = 9479 - 4758. Is h prime?
True
Suppose -2*s + 6 = -8. Let q be ((-6)/(-8))/(s/28). Suppose -4*k - 3*p = -608, -q*p = -k - 2*k + 435. Is k a prime number?
True
Is 1625115/120 + (-6)/(-16) prime?
False
Let c(s) = 68*s**2 + s - 1. Suppose -2*h - 2*h - 26 = 5*v, -4*v + h = 4. Let n be c(v). Suppose -b + 223 = r, -n + 46 = -b + r. Is b composite?
False
Let n(o) = 73*o**3 - 5*o**2 + 19*o - 43. Is n(8) composite?
True
Is 557 - 81/(-18)*(-12)/(-9) a composite number?
False
Suppose 5*j + 5*s - 30 = 0, 5*s - 7 = 13. Suppose j*y + 47 = 945. Is y a composite number?
False
Let y = 145 - -189. Let r = y - 228. Suppose -r = -s + 27. Is s composite?
True
Let c be 5/10*4/2. Suppose -c = g + 1. Is (-8)/(-12)*(-30)/g prime?
False
Suppose 2*o = -2*w + 3*o + 16291, 0 = 2*w - 4*o - 16282. Is w a composite number?
False
Suppose 3587 = y + 649. Suppose -5*b - 448 = -y. Suppose 4*l - b = 138. Is l a composite number?
True
Suppose 3*i - l = 1708, -3*l - 1 + 16 = 0. Is i prime?
True
Suppose 0 = -6*d + d + 1755. Let y = d - 150. Is y composite?
True
Let t(m) = m**3 - m**2 - m + 12. Let i be t(0). Suppose -i*g + 4291 = -5*g. Is g prime?
True
Let x(n) = -n**3 - 6*n**2 + 8*n + 9. Let c be x(-7). Suppose 0 = c*w + w - 4083. Is w composite?
False
Let v(z) = z**2 - 11*z + 14. Let c be v(10). Suppose -2*l = -j - 157, 0 = 4*l - c*j + 159 - 467. Suppose l - 317 = -3*k. Is k a composite number?
False
Suppose 5*n = -20, -4*n = 6*w - 9*w + 1417. Is w prime?
True
Let r(p) = 4*p**3 - 4*p**2 - 2*p + 6. Let a be r(6). Suppose -125 - 57 = -w + 2*g, -4*w + g + a = 0. Suppose 0 = -i + w + 115. Is i composite?
False
Suppose -2*l - 5*x = 2*l - 314, 0 = l - 3*x - 70. Suppose -4*g - 3*f = -2*f - l, -g + 19 = -f. Is g composite?
False
Suppose -2*s + 4 = 0, -16*o - 50059 = -17*o - s. Is o prime?
False
Let m(t) = t - 1. Let w be m(5). Suppose q - 4*f - 140 = 0, -w*q + 6*q + 5*f = 241. Is (-3 + 5)/(-2) + q a prime number?
True
Suppose 0 = -5*l + 4*x + 73061, 3*l = 6*l - 4*x - 43843. Is l a composite number?
True
Let a be (3 - 1)*3983/(-14). Let t = a - -1200. Is t a composite number?
False
Let x(l) = l**3 + 27*l**2 - 2*l + 25. Suppose -4*f + 88 = -3*i, i - 5*f - 16 = -60. Is x(i) a composite number?
False
Let t(q) = -q**3 + 16*q**2 - 14*q - 3. Let x be t(13). Let v be 610/4 - (-1)/2. Let f = x - v. Is f prime?
False
Let v(f) = 17*f**3 - 3*f**2 - 22*f - 5. Is v(6) a composite number?
True
Let d be (-2 + -1)*(1 + -3). Let n be -1097 - 0 - 2 - 0. Is n/(-14) - d/4 composite?
True
Suppose -j + 3*j + w = -11, 3*j + 4*w = -29. Let c(a) = -284*a - 3. Let k be c(j). Suppose x + k = 3*f + f, -4*f + 4*x = -864. Is f a prime number?
True
Let h = 35241 - 24947. Is h a composite number?
True
Let k = 1 - 8. Let m = k - -8. Is (5316/(-36))/(m/(-3)) prime?
True
Let q(o) = 14*o + 15*o**3 + o**2 - 16*o**3 - 10*o**2. Let y be q(-11). Let g = -11 + y. Is g a prime number?
False
Let c(f) = 2*f**3 - f**2 + 2*f + 3543. Is c(0) a prime number?
False
Is ((-71121)/12 - -11)/(2/(-8)) a composite number?
False
Let r(p) be the second derivative of -5/2*p**2 + 1/2*p**3 + 1/20*p**5 - 2/3*p**4 - 6*p + 0. Is r(8) a composite number?
False
Let o = 97 - 93. Suppose o*m = 6*m - 1542. Is m composite?
True
Suppose -10508 = 21*m - 27917. Is m a prime number?
True
Let o(s) = -236*s**3 + s**2. Let v be (45/(-6))/(3/(-4)). Let u(y) = -y**2 + 11*y - 11. Let k be u(v). Is o(k) a composite number?
True
Let n(v) = 1126*v**2 + 20*v + 99. Is n(-4) a prime number?
False
Let x(c) = 84*c - 127. Is x(16) prime?
True
Let v(f) be the second derivative of 2/3*f**3 - f + 0 + 7/2*f**2. Is v(6) prime?
True
Suppose -69*a = -88*a + 537434. Is a prime?
False
Let t(b) = 262*b - 6. Suppose 2*s + 2 = 0, -3*s - 2*s = -4*q + 21. Is 